 0*j + 35. Let y(f) = 4*h(f) + 5*k(f). What is y(d)?
-1
Let b(x) = -x - 6. Let d(k) = k + 7. Let q(g) = -6*b(g) - 7*d(g). Give q(-13).
0
Let s(z) = -4*z. Let p(d) = -4*d - 1. Let q(a) = -3*p(a) + 4*s(a). Let b(j) = -3*j + 4. Let l(x) = -2*b(x) + 3*q(x). What is l(2)?
-11
Let j be -3 + 1/((1 - 2)/(-9)). Let q(t) = t**2 - 12*t + 9. Let w(n) = 0*n + 10 - n + n**2 - 12*n. Let s(m) = j*q(m) - 5*w(m). Give s(7).
4
Suppose -3*d + 13 = -2. Let a = 124 - 120. Let s(t) = -a*t + 0*t**2 + t**2 - 8 + 6 + 8. What is s(d)?
11
Let d(j) = j**3 + 6*j**2 + j + 7. Let a(n) = -n**3 - 3*n**2 + 10*n + 18. Let p be a(-4). What is d(p)?
1
Let w be -2 - (0 - (1 + 1)). Let j(h) be the first derivative of h**3/3 - h**2/2 - 9*h - 423. Give j(w).
-9
Let p(t) = -t**2 - 7*t + 6. Let s be p(-4). Let x(c) = -3*c + 2*c - s*c**3 - c**2 - 10*c**3 + 23*c**3. Give x(-1).
5
Let u(x) = 0*x - x**2 + 4 + 0*x**2 - 3 - x. What is u(-3)?
-5
Let n(o) = -6*o**2 + o - 2. Suppose 4*a + 17 = 21. Give n(a).
-7
Let h(a) = -a + 10. Let f(i) be the first derivative of -3*i**2/2 + 29*i - 2. Let v(l) = -3*f(l) + 8*h(l). Calculate v(7).
0
Suppose -8*u + 11 = -13. Let x(q) = -3*q + q**u - 57 + 0*q**3 + 4*q + 6*q**2 + 53. Calculate x(-3).
20
Let z(c) = c**2 + 4*c - 5. Suppose -b + 2*j - 8 = -1, 0 = -5*b + 4*j - 23. What is z(b)?
-8
Let p(o) = 0 + 1 + 9*o + 8 - 8. What is p(2)?
19
Let k(f) = -f**3 - f**2 + f - 1. Let b be (-1)/14 - 4/(-56). Give k(b).
-1
Let s(o) = o + 35 - 32 - 5*o. Determine s(-3).
15
Let h = 6 - 4. Let s(q) = q**h + 7*q - 2*q**2 - 3 + 5*q - 4*q. Let i(a) = 22*a - 83. Let r be i(4). Calculate s(r).
12
Let j be (5 + -3 - 7) + (10 - -1). Let d(y) = -2*y**2 + 9*y - 3. Determine d(j).
-21
Let s be 4 - -1 - (-12 - (-21 - 2)). Let r(x) = -x**2 - 6*x - 3. What is r(s)?
-3
Let x(k) be the second derivative of -k**5/10 + k**4/6 - k**3/6 + k**2 + 2*k. Let f = 245 + -243. Determine x(f).
-8
Let y(f) be the third derivative of -f**4/6 + f**3 + 8*f**2 - 4*f. Give y(2).
-2
Let h(a) = a**3 + 6*a**2 - a - 7. Let t be (2/3)/(26/1521). Suppose -f - 9 = -p, -f = -6*f + 3*p - t. What is h(f)?
-1
Let i = -30 + 38. Suppose -3*v = -i*v + 30. Let b(s) = -s**2 + 6*s - 2. Determine b(v).
-2
Suppose -5*c - 185 = -0*c. Let a = c + 42. Let q(d) = 2 - d + 0 + 0*d. What is q(a)?
-3
Let r(z) = 2*z**2 + 3*z - 32. Let d be r(-6). Let i(j) = 22 - 2*j**2 - d + 3*j**2. Determine i(2).
4
Let r(b) = b**3 - 6*b**2 - 7*b - 3. Let d be (3 - 1)/(4/42). Let i be (d/12)/((-1)/(-20)). Suppose -3*q = 2*q - i. Give r(q).
-3
Let t(x) = x**3 - 8*x**2 - 24*x + 2. Let a(p) = -2*p**3 + 17*p**2 + 49*p - 4. Let j(i) = 4*a(i) + 7*t(i). Give j(14).
-2
Let l(n) = n**3 - 5*n**2 + 7*n - 5. Let q be l(4). Suppose 67*t = 58*t + 18. Let i(m) = 0*m**2 + 4*m**t - 3*m**2 + q*m - 5 + 6. Determine i(-6).
-5
Let m(q) be the second derivative of -1/12*q**4 + 0 - 7/6*q**3 + q**2 - 28*q. Calculate m(-5).
12
Let d(i) = -71*i + 279*i - 75*i - 65*i - 70*i - 10. Determine d(-4).
-2
Let y(g) = 4*g + 40. Suppose -2*s - 3*p - 13 = 4, -4*p + 44 = -4*s. What is y(s)?
0
Let a(d) = -10*d. Suppose -5*u - 33 = 4*g - 24, 0 = 2*u - 4*g - 2. What is a(u)?
10
Let q(f) be the second derivative of 1/20*f**5 + 11*f + 0 - 7/2*f**2 + 5/12*f**4 - 1/3*f**3. What is q(-5)?
3
Let z(h) = -4*h**2 - h + 3. Let o(w) = 5*w**2 - 3. Let i(p) = -3*o(p) - 4*z(p). Let b be i(-4). Let u(j) = j**3 + 3*j**2 - 2. Give u(b).
-2
Let y be 4 + (-4)/((-4)/(-2)). Let g(o) = 10*o**2 - 14*o**y - o + 5*o**2. What is g(2)?
2
Let i(y) = 239*y**3 - 490*y**3 - 2*y + 5*y**2 - y + 250*y**3. Calculate i(3).
9
Let r(i) = -6*i + 3*i - 4 + 2*i + i**3 + 4*i**2. Let g(c) = -c**2 + 54*c - 444. Let t be g(44). Give r(t).
0
Let r(h) = -h**3 + h + 4. Suppose -26*t - 7 = -59. Calculate r(t).
-2
Let b(a) be the second derivative of 2*a**3/3 + 27*a**2/2 + 639*a. Give b(-12).
-21
Let b(q) = -q + 4. Let f be b(4). Let z(k) be the second derivative of k**5/20 - k**4/12 - k**3/6 - 8*k**2 + 16*k. Determine z(f).
-16
Suppose -s + 3 = 5*h - 15, 21 = 3*s + 4*h. Let q(t) = -4*t - 9 + 2*t - t**3 + s*t. Let m(y) = -y - 6. Let w be m(-6). What is q(w)?
-9
Let o(b) = b + 1. Suppose -55 = y - 6*y. Let n = 14 - y. Let r be (2 + -5)*(-2)/n. What is o(r)?
3
Let h be ((-18)/(-8) + -2)/((-30)/(-720)). Let g(l) = -l**3 + 7*l**2 - 2*l - 8. What is g(h)?
16
Let s(m) = -m + 5. Suppose 2*b + 3*d - 7 = 0, 2*b + 0*d - 2*d - 22 = 0. Suppose -b*u + 68 = 12. Determine s(u).
-2
Let p(a) = -a**3 - a**2 - 2*a + 2. Let l be p(0). Suppose 4*j - 2 = -5*t, 0 = -3*t + 4*t + 2*j + l. Let x(w) = w**2 + 2. Calculate x(t).
6
Let w(p) = 302*p**2 - 155*p**2 - 148*p**2 + 9 - 8*p. What is w(-9)?
0
Let h = 184 - 178. Let r(i) = 4*i**3 + 34*i**2 - 5*i**3 + 4 - 27*i**2 - 9*i. Determine r(h).
-14
Let k(c) = -c + 4. Suppose 26*g - 12 = 23*g. Suppose -16*t - g = -15*t. Determine k(t).
8
Let r(h) = h**2 + h + 1. Suppose 0 = -3*q - 5*i - 16, 0 = -4*q + 3*i - 2. Let a be 5 + -1 + (-2 - 7). Let v be (-32)/40*a/q. Determine r(v).
3
Suppose 6 = -4*k + 174. Let l(r) = 43*r**3 - k*r**3 - 4*r**2 + 0 - 3*r + 2. Determine l(5).
12
Suppose -5*r - 15 = -6*o + o, -r - 3 = 2*o. Let h(v) = -v**3 - v**2 - 5. Give h(o).
-5
Let b(z) = -14*z + 3*z + 2*z - z**2 + 10*z - 5. Give b(-6).
-47
Let z = -554 - -541. Let b(y) = 2*y + 14. Determine b(z).
-12
Let d(n) be the first derivative of n**2/2 - 2*n + 10. Suppose 4*y + 1 = 3*i, i = 2*i + 5. Let u = y + 8. Calculate d(u).
2
Suppose 5*g = j - 45, 10*g - 15*g + 5*j - 25 = 0. Let s(d) = d**2 + 10*d - 7. What is s(g)?
-7
Let m(a) = -6 - 27*a**2 + 33*a**2 - 7*a + 0*a. Let d(n) = 5*n**2 - 6*n - 5. Let f(g) = 5*d(g) - 4*m(g). Calculate f(2).
-1
Let n(x) = -9*x**3 - x**2 + 5*x - 7*x**3 - 4*x**3 + 8 + 19*x**3 + 8*x**2. What is n(7)?
43
Suppose 0 = s + 5 + 15. Let k be 6/(-10) + (-52)/s. Let v(u) = -2*u**2 + 7*u - 2. Let x(h) = 2*h - 1. Let j(i) = -v(i) + 2*x(i). Calculate j(k).
2
Let i(c) be the second derivative of c**4/12 - c**3/6 + 11*c**2/2 + 2*c. Let o(u) = -u**2 + 20*u - 96. Let s be o(12). Give i(s).
11
Let v = 24 - 7. Let r(a) = v - 13 + 2*a - a. Determine r(-3).
1
Suppose -723 + 633 = 18*l. Let h(v) = -v**3 - 6*v**2 + 3*v + 4. Let g(y) = -y**3 - 7*y**2 + 3*y + 4. Let m(d) = -2*g(d) + 3*h(d). What is m(l)?
14
Let u(b) = 5*b + 23. Let x(s) = -4*s - 19. Let i(l) = 5*u(l) + 6*x(l). Give i(9).
10
Let u(h) = -h**3 + 11*h**2 + 12*h + 15. Let m be u(12). Let k = -12 + m. Let a(y) = -2*y + 1 - 1 + y**2 - 1 + k. Give a(3).
5
Let y(w) = -2*w + 1 + 0*w**2 + 2*w**2 + 4*w**2. Suppose 0 = 4*g + 5*k - 19, 338*k - 11 = -5*g + 336*k. Determine y(g).
5
Let a(v) = v**3 + 6*v**2 - 9*v - 9. Suppose 112 = -15*d - d. What is a(d)?
5
Let u(o) be the first derivative of -o**2/2 + 18*o - 104. What is u(10)?
8
Let y(r) = r + 3. Let d(t) = 9*t + 14. Let b = -11 + 14. Let u(j) = -8*j - 14. Let m(i) = b*u(i) + 2*d(i). Let l(x) = 2*m(x) + 11*y(x). Calculate l(-4).
9
Let s(n) = 7*n**2. Let f = 45 - 44. What is s(f)?
7
Let c(s) = 2*s**2 - 14*s + 2. Let f(y) = y**2 - 2*y - 1. Let g(d) = c(d) - 3*f(d). What is g(-10)?
-15
Let l(q) = -q**2 + 2*q + 2. Suppose 4*x - 88 = -4*u + 8*x, 0 = -5*u + 2*x + 116. Suppose 12*j - 6*j - u = 0. What is l(j)?
-6
Let m(o) = -o. Let t be (12/(-24))/(2/(-20)). Let p(h) = -3*h - 1. Let n(g) = t*m(g) - p(g). Suppose q = -3*s + 13, q - 5*s + 12 + 7 = 0. Determine n(q).
-1
Let f = -5 - -13. Suppose 4 = -3*m + p, 3*m + 0 = -p - f. Let k be (-6 + 12)*1/m. Let c(q) = -q**3 - 2*q**2 + 5*q + 4. Give c(k).
-2
Let o(t) be the first derivative of -t**4/4 - t**3 - t**2/2 + 3*t - 2. Suppose 3 = -3*x + v, 3*x + 0 + 3 = 2*v. Let p be 5/((-10)/x) - (-7)/(-2). What is o(p)?
6
Let s(t) = -9*t**2 + t + 5. Let i(m) = 25*m**2 - 4*m - 16. Let c(x) = -4*i(x) - 11*s(x). What is c(6)?
3
Let p(r) be the second derivative of 0 + r - 1/3*r**3 - r**2. Let a(w) = w**3 + 11*w**2 + 4*w - 53. Let b be a(-10). What is p(b)?
-16
Suppose -m - 8 = 4*u + m, -5*m = -3*u + 20. Let n = u + 6. Suppose 3*l + 4*p = -6, -2*l - p = l + n. Let j(o) = -o**3 - o**2 + o - 2. Determine j(l).
0
Suppose 2*o - 61 = 5*k, 0 = -4*k - 2*o - 37 - 1. Let v be (k/(-4) + -1)*8. Let m = -15 + v. Let x(n) = -5*n. Calculate x(m).
5
Let r = -1993 - -1996. Let i(m) be the third derivative of 0 + 0*m**4 + 0*m + 1/60*m**5 - 4*m**2 - 1/120*m**6 - 11/6*m**r. Determine i(0).
-11
Let q = -8 - -17. Suppose 3*y + 0*y = 